f 4 and n.
4
Let k(o) = o**3 + 5*o**2 - 3*o + 1. Let f be k(-5). Let z = 28 - f. What is the greatest common factor of 60 and z?
12
Let x = -6 - -4. Let c(y) = 15*y**2 - y + 1. Let b be c(x). Let o(k) = -4*k + 1. Let j be o(-2). Calculate the highest common divisor of b and j.
9
Let k(d) = -d**3 - 6*d**2 - 5*d + 3. Let c be k(-5). Suppose 2*h - 17 = -c. Calculate the greatest common factor of 77 and h.
7
Let l = 487 + -228. Calculate the highest common factor of l and 37.
37
Let j = -4 - 4. Let o = j - -2. Let d be o*10*12/(-10). What is the highest common factor of d and 18?
18
Let x(m) = m - 5 - 5*m**2 + 3*m**2 - 3*m**3 + 3. Suppose -3*w + u = 3*u + 14, -4*w - 5*u = 28. Let q be x(w). What is the highest common factor of q and 18?
6
Let b be (8/(-6))/(2/(-3)). Suppose -i - 2*v = -125, 713 = 5*i + b*v + 56. Calculate the greatest common factor of 19 and i.
19
Let m(o) = o**3 - 9*o**2 + 3. Let c be m(9). What is the greatest common divisor of c and 4?
1
Suppose -w + 19 = 4*b, 0 = -3*w - 0 - 15. Calculate the greatest common factor of b and 24.
6
Suppose 5*k + 2*l = 19, 0*l = -k - 2*l + 7. Calculate the greatest common factor of 27 and k.
3
Let g be (-285)/105 - (-4)/(-14). Let f(m) = -2*m**3 - 3*m**2 - 2*m + 3. Let y be f(g). What is the highest common factor of y and 24?
12
Suppose 6*i + 180 = i. Let q = i - -78. Calculate the highest common divisor of 14 and q.
14
Suppose -73 = -2*u + 165. Suppose 4*y - y = 0. Let j(x) = -x + 17. Let s be j(y). What is the greatest common factor of s and u?
17
Let u = -208 - -613. What is the greatest common factor of u and 45?
45
Let l be (0 - 1)*(11 - 46). Calculate the greatest common factor of l and 5.
5
Let g(o) = -o + 4*o - 2*o - 2*o + 2. Let w be g(2). Suppose -v + 19 + w = 0. Calculate the greatest common divisor of 19 and v.
19
Suppose -v = 4*j - 5, -26 + 1 = -3*v - 2*j. What is the highest common divisor of 3 and v?
3
Let i(j) = 16*j - 2. Let o = 10 - 3. Suppose 3*r = -6*c + 3*c + 3, o = 5*c + 3*r. Let b be i(c). Calculate the highest common divisor of 12 and b.
6
Let p(i) = 54*i**3 + 2*i - 2. Let t be p(1). Calculate the highest common factor of 18 and t.
18
Suppose 34 = -r - r. Let w = 1 + r. Let m be (-8)/12 + w/(-6). What is the highest common divisor of m and 5?
1
Let n be 102/24 - 1/4. Suppose -4*p = 2*a - 4 - 12, -5*a + 51 = -p. What is the highest common divisor of n and a?
2
Let a = -17 - -45. Suppose -5*o + 0*y = -4*y - 1136, o - 240 = 4*y. What is the highest common factor of a and o?
28
Let a(f) = -8*f - 7. Let c(g) = g - 8. Let j be c(4). Let x be a(j). Let q be -2 + (14 - (0 + 2)). Calculate the greatest common divisor of x and q.
5
Let m(w) = w**3 + 7*w**2 + 3*w - 2. Let r be m(-6). Let c be -2 - 16/(16/(-4)). Calculate the greatest common factor of r and c.
2
Suppose -5*i = -8*i + 42. Let y(v) = -5*v**3 - 4*v**2 - 5*v - 2. Let l be y(-3). Calculate the highest common factor of l and i.
14
Suppose -2*x - 3*v + 1 = -3*x, -3*x + 2*v + 11 = 0. Calculate the greatest common divisor of x and 1.
1
Suppose 3*o + 4*f - 47 = 0, -2*o + 4*f - 11 = -o. Let j = o - 0. Calculate the highest common factor of j and 72.
9
Let k = -2 - -2. Suppose k = d + 3*d - 56. Calculate the highest common divisor of 98 and d.
14
Let h be ((-8)/6)/(2/(-6)). Suppose 0 = 2*p - 5*p + 18. Let l be p/(-5)*-5 + 0. Calculate the highest common factor of l and h.
2
Let a be (3 - 9)/(9/(-6)). Suppose -19 = a*z - 271. Calculate the highest common divisor of z and 21.
21
Let x(r) = 80*r. Let i be x(1). Let u(c) = c**3 - 3*c**2 - 14*c - 4. Let p be u(6). Calculate the highest common divisor of i and p.
20
Let f = -5 - -5. Suppose -4*h + 2*b + 32 + 36 = f, -4*h + 82 = 5*b. What is the highest common divisor of 12 and h?
6
Suppose 4*u - j - 101 = 0, -3*j - 29 = -u + j. Calculate the highest common divisor of u and 125.
25
Suppose 4*o + 238 = 3*n, -4*o = 4*n - 238 - 42. Calculate the highest common divisor of 185 and n.
37
Let z = -162 - -327. Calculate the highest common factor of z and 66.
33
Let b(o) = -o**3 - 18*o**2 + 35*o + 10. Let u be b(-20). Calculate the highest common divisor of u and 22.
22
Let t(w) = w - 10. Let d be t(12). Suppose 0*k + 3*v = 5*k - 237, d*k + 2*v = 98. What is the greatest common factor of 72 and k?
24
Let k(g) = -2*g - 6. Suppose 0*h + h = -a + 8, -4 = 2*h. Suppose 0*w = w + a. Let t be k(w). Calculate the greatest common divisor of t and 14.
14
Let s(k) be the third derivative of -1/8*k**4 - 1/3*k**3 + 0 + 3*k**2 + 0*k. Let v be s(-8). What is the highest common divisor of 11 and v?
11
Suppose -f + 0*f = -70. Suppose -6*j + 2*j = 5*q + 8, -4*q = 0. Let h(z) = -15*z - 2. Let w be h(j). Calculate the highest common divisor of w and f.
14
Suppose 3*m - 3 = 3. Let n be (-2)/(m/4*2). Let u be 6*(132/(-9))/n. What is the highest common factor of 11 and u?
11
Let n = 11 + 3. What is the greatest common factor of n and 35?
7
Let x(v) = v + v + 2*v**2 + 0*v - 10*v + 9. Let y be x(7). Calculate the highest common factor of 34 and y.
17
Suppose h = t + 9, -2*t = 2*h - 0*t - 10. Calculate the greatest common factor of 1 and h.
1
Let d(z) = -19*z - 6. Let o be d(-2). What is the greatest common divisor of o and 4?
4
Suppose 0 = r - 12*q + 11*q - 6, -4*r - 2*q + 36 = 0. Calculate the greatest common factor of r and 216.
8
Let r be 142/9 + (48/(-27) - -2). Calculate the greatest common divisor of 128 and r.
16
Suppose w + 2 = -2*h, -12 = -5*w - 4*h + 5*h. Suppose -w*a - 42 = -5*a. What is the highest common factor of 2 and a?
2
Let m(f) = -1 + 2 - f + 2*f. Suppose -4*t = -21 - 7. Let d be m(t). Calculate the greatest common factor of d and 2.
2
Let o be (6/10)/((-1)/(-10)). Suppose 228 = o*t - 2*t. Calculate the greatest common divisor of t and 19.
19
Let h(d) = 8*d - 1. Let i be h(1). Let p = 40 - 26. Let r = p - -21. Calculate the highest common factor of r and i.
7
Let w be 6/(-15) - 92/(-5). Suppose 2*q - 44 - 10 = 0. What is the greatest common factor of q and w?
9
Let i be 5*(-2 + -1)/(-3). Let l = 116 + i. What is the highest common factor of l and 11?
11
Suppose 7*z - 52 = 3*z. Calculate the highest common factor of z and 13.
13
Let b be 2/(-5) - (-44)/10. Let k(x) = -4*x + 8. Let a be k(0). Calculate the greatest common factor of a and b.
4
Let t be (-12)/42 + 276/(-14). Let d = t + 30. What is the greatest common divisor of 5 and d?
5
Let g(r) = r**2 - 11*r + 10. Let j be g(7). Let c = j - -60. What is the greatest common divisor of 14 and c?
14
Let a(i) be the third derivative of i**4/4 + 6*i**2. Let c be a(4). What is the highest common divisor of c and 48?
24
Suppose -29*a = -32*a + 30. Calculate the highest common factor of 30 and a.
10
Let o(r) = r + 5. Let k be o(-5). Suppose k = 2*q - 3*q + 12. Calculate the greatest common factor of q and 84.
12
Let k be (-2)/(-8) + 5/((-40)/(-358)). What is the highest common factor of k and 18?
9
Suppose 0*r - 4*r = -20, 5*d + 2*r = 40. Let b = 27 + -6. Suppose b = -i + 63. Calculate the highest common divisor of d and i.
6
Let a be (1/2)/(3/24). Suppose 3*k + 3*p = 459, -p - 2*p - 619 = -a*k. Suppose -5*x + k = -71. Calculate the greatest common divisor of 9 and x.
9
Let f = -19 - -21. Let s = f + 14. Calculate the highest common factor of s and 176.
16
Let l = 44 + -37. Calculate the highest common factor of 56 and l.
7
Let q = 5 + 0. Let b(u) = -3*u - 4. Let j be b(-2). Suppose 2*k + 16 = -j*k, -295 = -5*s - q*k. Calculate the highest common factor of s and 9.
9
Suppose 0 = -3*g - 4*k + 84, 0 = -4*g + g + 2*k + 84. What is the greatest common divisor of 7 and g?
7
Let h be 177 - (9/7 - (-6)/(-21)). What is the greatest common factor of h and 16?
16
Suppose -21*n + 25*n - 20 = 0. Let y(b) = 10*b**2 + 4*b + 3. Let m be y(-2). What is the greatest common divisor of n and m?
5
Let c(f) = f**3 + 4*f**2 - 5*f + 7. Let q be c(-5). Let j be 717/12 + (-1)/(-4). Suppose 2*v + j = q*v. What is the highest common factor of v and 12?
12
Suppose 0 = -3*b + n - 2*n - 19, 5*b + 45 = n. Let k be (-78)/b - (-7)/28. What is the greatest common divisor of 30 and k?
10
Suppose 0 = -3*h + 92 + 271. Suppose -5*n + 54 = -1. What is the greatest common divisor of h and n?
11
Let h(w) = -w**2 + 15*w - 6. Let i be h(6). Suppose 0*g + i = g. Let d = g - 27. What is the highest 